lions digit of 20843004?
2
What is the units digit of 29513957?
7
What is the thousands digit of 6315038?
5
What is the hundred thousands digit of 100702?
1
What is the thousands digit of 63292?
3
What is the ten thousands digit of 386701?
8
What is the ten thousands digit of 436126?
3
What is the thousands digit of 227965?
7
What is the millions digit of 24359637?
4
What is the units digit of 105486?
6
What is the hundred thousands digit of 10629231?
6
What is the tens digit of 382568?
6
What is the hundred thousands digit of 10609948?
6
What is the ten thousands digit of 17652?
1
What is the ten thousands digit of 1010686?
1
What is the hundred thousands digit of 340269?
3
What is the ten millions digit of 13895708?
1
What is the hundreds digit of 6214908?
9
What is the tens digit of 40315241?
4
What is the units digit of 446783?
3
What is the hundred thousands digit of 935175?
9
What is the hundred thousands digit of 535972?
5
What is the hundreds digit of 5008743?
7
What is the units digit of 32449578?
8
What is the hundreds digit of 101499?
4
What is the millions digit of 2666619?
2
What is the ten thousands digit of 467919?
6
What is the hundred thousands digit of 1272015?
2
What is the tens digit of 644599?
9
What is the tens digit of 9051060?
6
What is the units digit of 311311?
1
What is the thousands digit of 849134?
9
What is the hundred thousands digit of 254890?
2
What is the thousands digit of 188694?
8
What is the hundred thousands digit of 25099014?
0
What is the hundreds digit of 17117?
1
What is the tens digit of 25366712?
1
What is the tens digit of 3123937?
3
What is the tens digit of 20485?
8
What is the ten thousands digit of 6912097?
1
What is the thousands digit of 202740?
2
What is the ten thousands digit of 400357?
0
What is the units digit of 114562?
2
What is the hundreds digit of 12969716?
7
What is the thousands digit of 16241?
6
What is the hundreds digit of 6183969?
9
What is the tens digit of 881785?
8
What is the hundred thousands digit of 21820327?
8
What is the ten thousands digit of 1083638?
8
What is the units digit of 439732?
2
What is the units digit of 765882?
2
What is the millions digit of 5115757?
5
What is the hundreds digit of 2200693?
6
What is the tens digit of 12381997?
9
What is the tens digit of 101440?
4
What is the thousands digit of 568233?
8
What is the hundreds digit of 100218?
2
What is the millions digit of 16065611?
6
What is the hundreds digit of 4680471?
4
What is the hundreds digit of 2852952?
9
What is the hundred thousands digit of 4972881?
9
What is the hundred thousands digit of 1960868?
9
What is the hundred thousands digit of 783812?
7
What is the hundred thousands digit of 4971365?
9
What is the hundred thousands digit of 2368812?
3
What is the tens digit of 14061199?
9
What is the hundreds digit of 6766193?
1
What is the hundred thousands digit of 612063?
6
What is the tens digit of 1540501?
0
What is the thousands digit of 84924?
4
What is the hundreds digit of 17800797?
7
What is the tens digit of 423475?
7
What is the millions digit of 3274299?
3
What is the hundreds digit of 2020557?
5
What is the hundreds digit of 14905780?
7
What is the units digit of 125514?
4
What is the tens digit of 488527?
2
What is the ten thousands digit of 177564?
7
What is the thousands digit of 4470718?
0
What is the ten thousands digit of 15707747?
0
What is the tens digit of 30061338?
3
What is the hundred thousands digit of 598902?
5
What is the units digit of 189793?
3
What is the thousands digit of 34044?
4
What is the hundred thousands digit of 277834?
2
What is the millions digit of 1016362?
1
What is the tens digit of 22481986?
8
What is the units digit of 577524?
4
What is the thousands digit of 3862814?
2
What is the tens digit of 1324767?
6
What is the ten thousands digit of 183804?
8
What is the units digit of 2628996?
6
What is the units digit of 2736658?
8
What is the hundreds digit of 206015?
0
What is the tens digit of 5282990?
9
What is the units digit of 4635822?
2
What is the tens digit of 3732940?
4
What is the tens digit of 33962?
6
What is the millions digit of 1358286?
1
What is the tens digit of 965376?
7
What is the hundred thousands digit of 554090?
5
What is the tens digit of 275804?
0
What is the tens digit of 1983737?
3
What is the millions digit of 4938996?
4
What is the tens digit of 1042679?
7
What is the tens digit of 5384993?
9
What is the tens digit of 2475848?
4
What is the hundreds digit of 5428932?
9
What is the tens digit of 20537?
3
What is the millions digit of 7368920?
7
What is the units digit of 2697378?
8
What is the ten thousands digit of 124064?
2
What is the tens digit of 7191382?
8
What is the hundred thousands digit of 186299?
1
What is the thousands digit of 242869?
2
What is the millions digit of 5631891?
5
What is the units digit of 4729154?
4
What is the ten thousands digit of 1466661?
6
What is the hundreds digit of 88982?
9
What is the thousands digit of 306759?
6
What is the units digit of 604205?
5
What is the tens digit of 117688?
8
What is the tens digit of 59375?
7
What is the hundred thousands digit of 526661?
5
What is the tens digit of 1054672?
7
What is the units digit of 2078306?
6
What is the tens digit of 157658?
5
What is the tens digit of 1000738?
3
What is the ten thousands digit of 83759?
8
What is the units digit of 2090905?
5
What is the millions digit of 3009101?
3
What is the ten thousands digit of 359745?
5
What is the thousands digit of 341888?
1
What is the tens digit of 11057210?
1
What is the ten thousands digit of 917684?
1
What is the tens digit of 16686154?
5
What is the tens digit of 7014625?
2
What is the units digit of 18343619?
9
What is the units digit of 693075?
5
What is the hundreds digit of 654967?
9
What is the tens digit of 7604132?
3
What is the thousands digit of 1369879?
9
What is the units digit of 856070?
0
What is the hundreds digit of 860159?
1
What is the thousands digit of 331280?
1
What is the units digit of 434916?
6
What is the units digit of 276480?
0
What is the hundreds digit of 7240343?
3
What is the ten thousands digit of 57796?
5
What is the ten thousands digit of 2282556?
8
What is the units digit of 858566?
6
What is the tens digit of 25057831?
3
What is the tens digit of 16293?
9
What is the units digit of 444953?
3
What is the hundreds digit of 1615627?
6
What is the thousands digit of 17164880?
4
What is the units digit of 356547?
7
What is the hundred thousands digit of 1136140?
1
What is the units digit of 603278?
8
What is the hundred thousands digit of 10127988?
1
What is the tens digit of 3799024?
2
What is the tens digit of 22473236?
3
What is the tens digit of 9492?
9
What is the hundred thousands digit of 5790127?
7
What is the tens digit of 2442000?
0
What is the units digit of 1720076?
6
What is the tens digit of 8133729?
2
What is the units digit of 21131027?
7
What is the millions digit of 3757898?
3
What is the millions digit of 6631289?
6
What is the hundred thousands digit of 169283?
1
What is the tens digit of 18366133?
3
What is the units digit of 109246?
6
What is the units digit of 891423?
3
What is the ten thousands digit of 2218833?
1
What is the units digit of 11639670?
0
What is the hundreds digit of 333760?
7
What is the millions digit of 13269120?
3
What is the millions digit of 5886481?
5
What is the tens digit of 586915?
1
What is the hundreds digit of 2080760?
7
What is the units digit of 301519?
9
What is the tens digit of 727318?
1
What is the tens digit of 342091?
9
What is the hundreds digit of 9974422?
4
What is the units digit of 603054?
4
What is the hundreds digit of 6598146?
1
What is the millions digit of 7081545?
7
What is the units digit of 1193276?
6
What is the tens digit of 296782?
8
What is the ten thousands digit of 2738274?
3
What is the thousands digit of 31511651?
1
What is the tens digit of 34682788?
8
What is the ten thousands digit of 226698?
2
What is the thousands digit of 448154?
8
What is the units digit of 63460?
0
What is the ten thousands digit of 9144133?
4
What is the tens digit of 245724?
2
What is the ten thousands digit of 10475722?
7
What is the ten thousands digit of 782406?
8
What is the ten thousands digit